t o be ((-112)/364)/((-5)/65). Let p(n) = n**2 + n + 2. Let x be p(0). Let m(j) = 3 - 2*j**2 - x*j + j + 2 + 6*j**2 - j**3. Give m(o).
1
Suppose 154 = 5*b - 3*a + 4*a, -2*b = -5*a - 40. Let y(r) = -11 - 31*r + 2 + b*r. Let s = -1 - 3. Give y(s).
-5
Let h(z) be the first derivative of -z**2/2 - 4*z - 5. Let b be h(3). Let p(f) = -1 + f + 2*f - 4*f - 6. What is p(b)?
0
Let j(q) be the third derivative of -72*q**2 + 0*q + 5/6*q**3 - 1/12*q**4 + 0. Give j(10).
-15
Let x be (-5)/(-1)*(-168)/60. Let q = x + 16. Let a(m) = 2*m**3 + 3*m - 2. What is a(q)?
20
Let s(z) = -7*z - 32. Let k(u) = 4*u + 29. Let t(d) = 5*k(d) + 4*s(d). What is t(3)?
-7
Let q(t) be the first derivative of -t**3/3 + 5*t**2 + 102*t - 1351. Calculate q(16).
6
Let q(t) = -t - 2. Let p(s) = -s**2 + 10*s + 11. Let w(j) = -j**3 + 9*j**2 + 9*j + 5. Let h be w(10). Let z(u) = h*q(u) - p(u). Calculate z(5).
-1
Suppose -620 + 125 = -5*a. Let o = -101 + a. Let t(w) be the second derivative of 5*w**3/6 + w**2 - 2*w. Determine t(o).
-8
Let o(a) = 3*a**3 - 5*a**2 + 20*a - 3. Let y(i) = -i**3 + 3*i**2 - 9*i + 1. Let k(j) = -4*o(j) - 9*y(j). Give k(-2).
-3
Let o(j) = -2*j**2 - j - 2. Let t be (-4)/10*(341 + -1)/4. Let b(c) = -c**2 - 30*c + 133. Let r be b(t). Give o(r).
-17
Let b(s) = -5*s**3 - 6*s**2 - 3*s - 28. Let l(q) = -13*q**3 - 18*q**2 - 9*q - 83. Let v(x) = 8*b(x) - 3*l(x). Let f be v(7). Let p(r) = -2*r - 5. What is p(f)?
1
Let c(t) be the first derivative of -t**6/120 + t**5/10 - t**4/24 + t**3/2 - t**2 + 41*t - 43. Let b(n) be the second derivative of c(n). What is b(6)?
-3
Let g be -1 + (0 - 4/2). Let b(z) be the first derivative of -z**4/24 + z**3/2 + 7*z**2/2 - 6*z - 28. Let j(h) be the second derivative of b(h). Give j(g).
6
Let o(i) = i**2 - 138*i + 1742. Let g be o(124). Let k(h) = -2*h**2 + 12*h - 3. Calculate k(g).
-3
Let v be (-19 + 20)/(1/13). Suppose -2*t - 3*l - 5 = 0, 0 = -8*t + 3*t + l + v. Let y(n) = 3*n**2 - t + 8*n + 1 - n**2 - 3*n**2. Determine y(6).
11
Suppose 0 = -5*w - m + 24, 32*m + 12 = 5*w + 30*m. Let r(d) = -d**3 + 4*d**2 + 3*d + 3. Give r(w).
15
Let v(c) = -7*c + 2. Let x(j) = j**3 - 3*j**2 + 2. Let p = 179 + -180. Let r be x(p). Give v(r).
16
Let f(i) = i**2 + 4*i - 27. Suppose 0 = -9*r + 8*r + o + 8, 2*o = 5*r - 31. Give f(r).
18
Let x(m) = 2*m - 10 + 0*m**2 + m**2 + 10*m. Let d = 63063 + -63074. Calculate x(d).
-21
Let z(b) = -b**2 + 18*b - 63. Let u be z(13). Suppose 4*v + 5*t = -44, 5*v - 6*v + t - u = 0. Let l(d) = 2*d + 13. Determine l(v).
1
Let j be ((-212)/(-265))/((-4)/(-10)). Let t be (-15)/2 + j*1/(-4). Let k(x) = 2*x + 11. Calculate k(t).
-5
Let v(p) = -p**3 + 36*p**2 + 38*p - 17. Suppose -2*z - 137*t + 53 = -140*t, z + 3*t = 58. Calculate v(z).
20
Suppose -7*y + 5*y + 100 = -4*w, w = 2*y - 85. Suppose 32*o = y*o + 8. Let c(s) = -s**3 + 2*s**2 - 1. Give c(o).
2
Let p be 358/56 - (2 + ((-48)/7 - -5)). Let s(f) be the first derivative of f - p*f**4 + 0*f**2 + 14 - 2/3*f**3. What is s(1)?
-26
Let z(b) = b + 6. Let j(d) = -6*d - 51. Let f(k) = j(k) + 9*z(k). Give f(-4).
-9
Suppose 0 = 76298*p - 76283*p - 90. Let f(r) be the first derivative of -r**4/4 + 2*r**3 + 3*r**2/2 - 6*r - 2. Determine f(p).
12
Let d(n) = -5*n - 72. Let m(t) = t**2 - 21*t + 73. Let f be m(6). Determine d(f).
13
Let i(j) = -43*j + 9. Let x be 6*(-23 + 670/30). Calculate i(x).
181
Suppose -u = 0, 0 = -5*l + 3*u - 24 - 71. Let r(n) = n**2 + 16*n - 73. Determine r(l).
-16
Let a = -13 + 7. Suppose 10*j - 12*j = -6. Let p(s) = -137*s**3 + 1 + 74*s**j + 7*s + 64*s**3 + 7*s**2. Calculate p(a).
-5
Let x(y) = -y**3 + y**2 + y - 12. Let u be (-130)/(-20) - (-9)/6. Suppose 0*g = -0*g - u*g. Calculate x(g).
-12
Let r(w) = -w**3 - 10*w**2 - 8*w - 10. Let u(a) be the second derivative of 0 + 1/6*a**3 - 1/2*a**2 + 6*a. Let k(z) = -r(z) + 2*u(z). Give k(-9).
-1
Let s(h) = 3555*h + 26 - 7111*h + 3558*h. Suppose -12*r + 8*r = 48. Give s(r).
2
Suppose -4*x + 5 - 4 = 5*q, -5*x + 29 = -3*q. Let z(n) = 17*n - 99. Let m be z(6). Let b(l) = 3 + 3*l - m*l + l + 0. Calculate b(x).
7
Let r be 22/55 - 1676/(-10). Let k = r + -175. Let z(l) = l + 1. Give z(k).
-6
Let f(q) = -68*q - 38*q + 8*q + 0*q. Let c(x) = -9*x. Let h(a) = -56*c(a) + 5*f(a). Give h(1).
14
Let c be (-1 - 18*5/(-80))/(23/184). Let t(r) = r + 1. Determine t(c).
2
Suppose -6*z = 26*z - 66*z + 272. Let l(u) = -9*u + 24. Let f(v) = -14*v + 36. Let w(j) = 5*f(j) - 8*l(j). Determine w(z).
4
Let q be -4 - (-3 - (-76)/(-4)). Let h(g) = -g + 13. Let w be h(q). Let m(l) = l - 4. Let b(n) = 2*n - 8. Let f(x) = w*m(x) + 2*b(x). Give f(5).
-1
Let m(a) = 2*a**2 - 5*a - 24. Let u be m(-7). Suppose 2*l = u - 27. Let n = 43 - l. Let f(q) = -q**2 + 5*q - 3. Give f(n).
3
Let t(o) = o**2 - 12*o - 11. Let l(k) = -k**2 + 11*k + 3. Let m be l(11). Suppose -2*v - 35 = -3*b, -b + 2*v + 3*v = -m. What is t(b)?
2
Suppose 4*h + 1 = -3. Let f(b) = b - 23. Let j be f(20). Let z be 1*1/(j/6 - h). Let r(p) = p**2 + 1. What is r(z)?
5
Suppose -3*q + 9 = 0, -2*d + 15 = 5*q - 92. Let w(u) = 4 - 8 + 92*u - d*u - 41*u. Let l be (3/12)/(25/12 - 2). Determine w(l).
11
Let w(h) be the first derivative of -h**4/4 + 26*h**3/3 - 26*h**2 + 96*h - 5305. What is w(24)?
0
Let q = 123 + -108. Suppose -q*p + 79 = -56. Let s(g) = -4*g + 12. Calculate s(p).
-24
Let r(b) = 2*b**3 + 62*b**2 + 64*b - 9. Let t(v) = -v**3 - 29*v**2 - 33*v + 4. Let x(z) = 4*r(z) + 9*t(z). Determine x(-5).
5
Let g = -535 - -490. Let p be -2 + g/(-15) - (-1 - 2). Let i(j) = j**3 - 3*j**2 - 4*j - 4. Calculate i(p).
-4
Let n(o) = -21*o - 8 + 13*o + 5*o + 6*o. Let u(k) = k**3 - 13*k**2 + 23*k - 128. Let d be u(12). What is n(d)?
4
Suppose 5*o = 4*o + 4. Suppose 355*b - 350*b - 990 = 0. Let n(x) = 96 + 106 + x - b. What is n(o)?
8
Let v = 6 - 3. Let p(o) be the second derivative of o**2 - 1/20*o**5 + 1/6*o**4 + 1/2*o**3 + 0 + 255*o. Calculate p(v).
2
Let h(a) = 3*a**2 + 2*a. Let i(v) = -v + 20. Let t be i(12). Suppose 0 = 7*d - 11*d + t. Suppose 2 = -2*k - 5*z + 18, -3*k + d*z = 14. Calculate h(k).
8
Let y(t) = t**2 - 5*t. Let f be y(6). Suppose a + 4*u = 2*a + 10, a = -4*u + f. Let g(w) = 3*w + 132 - 131 - 2*w. Calculate g(a).
-1
Suppose -3*m = 2*x + 5, 3*x - 2*m + 0 = -1. Let v be (759/23)/(x - 0). Let n = v - -35. Let s(f) = -f**3 + 2*f**2 - f + 1. Determine s(n).
-1
Let l(r) = 11*r - 13. Let q = -4935 - -4940. Determine l(q).
42
Let p(o) = -o**2 + 2. Suppose y + 14 = 2*r, 3*y = 3*r - 0*r - 30. Let m be 3/30*y - (-73)/5. Let g = -17 + m. Give p(g).
-7
Suppose -t - 2*t + 12 = 0. Suppose 0 = 5*l + u - 48, -u - 44 = -t*l + u. Suppose 15*s = l*s + 10. Let r(o) = -2*o**3 + 2*o**2 + o + 1. What is r(s)?
-5
Suppose 0 = -2*a - 3*r - 3063, -4600 = 3*a - 0*r - r. Let n be 4/7 + a/(-147). Let j(w) = -n + 5 + 9 + 2*w. Determine j(-6).
-9
Let f be (2 - 4) + -6 + 8. Let n(d) = -17*d - 4. Let v be n(f). Let u(t) = t - 4. What is u(v)?
-8
Let m(s) = 64*s + 47 + 48*s - 102*s - 16 + s**2. Let t be m(-10). Let x(w) = -15 + w**2 - 12 + t - 9*w. Calculate x(7).
-10
Let h be 27/3 - (-10 + 13). Let f(v) = -h - v**2 - 75*v + 14*v + 49*v. Give f(-11).
5
Let g(q) = q**3 + 182595*q**2 + 3*q + q + 54 - 5*q - 182602*q**2 - 7*q. What is g(7)?
-2
Let f(w) = -3*w - 3*w + 74559 - 74508 - w**2. Calculate f(-11).
-4
Let d(b) be the third derivative of -b**6/120 + b**5/12 - b**4/3 + 2*b**3 + 2*b**2 - 3*b + 24. Calculate d(3).
6
Let l(h) = -h**3 + 8*h**2 + 8*h + 6. Suppose 60 - 78 = -2*z + 150. Suppose 0 = o + 71 + 4. Let c = o + z. What is l(c)?
-3
Let x(n) = -2*n**2 + 3*n - 2. Suppose 0 = -24*f + 23*f + 328. Let w = f + -326. Calculate x(w).
-4
Let p(z) be the second derivative of z**4/12 + 5*z**3/6 - 5*z**2 - 2*z - 3820. Calculate p(-5).
-10
Suppose 3*y + 112 = 139. Suppose 17*t - 24 = y*t. Let b(u) = -u**2 + u + 0*u - 2*u - t*u**2. What is b(-2)?
-14
Let s(r) = r**2 + 36*r + 184. Let z(t) = 2*t**2 - 64*t - 1294. Let b be z(-14). Give s(b).
4
Let z(k) = k**2 - 7*k + 5. Let c = 27 - 18. Suppose -c*r = -3*r + 288. Let q = -42 - r. What is z(q)?
-1
Let j(r) = -13 + 7*r + 5 - 1039*r**2 + 482*r**2 + 558*r**2. Let y = -7 + -1. What is j(y)?
0
Let q(m) = -8*m**3 + m**2 + 6*m - 2. Let u = -19487 - -19485. Calculate q(u).
54
Let j(u) = -47*u - 19. Let z(w) = -125*w - 53. Let c(y) = 8*j(y) - 3*z(y). Let b = -22 - -11. Let v = b + 18. What is c(v)?
0
